 - 226915 = -68355. Suppose 22*b - 364 = c. What is the tens digit of b?
6
Suppose -24*p - 8885 - 10651 = 0. Let x = p + 1468. What is the tens digit of x?
5
What is the tens digit of 2823740/160 - 21/56?
4
Suppose 5*u = -5*f + f + 35825, f = -3*u + 21502. What is the thousands digit of u?
7
Suppose 7*k + g + 119 = 9*k, 0 = 5*g + 15. Let u = k - 63. What is the units digit of (-6 - 2115/(-25)) + (-2)/u?
9
Let g = 1652 - 850. Suppose 4*r + 3*f - 1076 = 0, 2*f = -3*r + f + g. Suppose 0*a = -2*a + r. What is the units digit of a?
3
Let h be (-34)/(-10) - (-9)/15. Let k = -63 + 86. Let u = k + h. What is the units digit of u?
7
Suppose -3*k = -d + 2527, 0 = 5*d - 7*k + 3*k - 12635. Suppose -2113 = -8*f + d. What is the tens digit of f?
8
Suppose -607*v + 159*v + 78143 = -4895105. What is the thousands digit of v?
1
Let k(i) = 309*i**3 - 18*i**2 + 40*i - 47. What is the units digit of k(5)?
8
What is the tens digit of ((-72)/(-78))/((-12)/(-245466))?
8
Let g = -72 + 73. Let t be 198/(-54)*(g + -12)*3. Let b = -119 + t. What is the units digit of b?
2
Let h = 50 + -5. Let q = h - 41. Suppose 189 = q*j + 5*u, 5*u - 47 = -j + 4*u. What is the units digit of j?
6
Suppose -s + 691*d = 689*d - 16064, -4*s + 2*d + 64280 = 0. What is the ten thousands digit of s?
1
Let g = -9965 - -17647. What is the tens digit of g?
8
Let r(g) = -140*g**3 - 5. Let b be r(-2). Let f = b - 388. Suppose 902 = 9*a - f. What is the hundreds digit of a?
1
Let a(g) = 5*g**2 + 214*g - 934. What is the ten thousands digit of a(-83)?
1
Let h = -1659 - -2440. Suppose 0 = 5*s - 2649 - h. What is the hundreds digit of s?
6
Let k(f) = -35*f + 3. Let z be k(-1). Let u = z - 38. Let c(i) = 5*i + 66. What is the tens digit of c(u)?
6
Let a = 278 - 249. Suppose 2*g - 573 = -a. What is the hundreds digit of g?
2
Let u = -20032 + 29371. What is the tens digit of u?
3
Suppose -13622 = -12*z + 16834. What is the units digit of z?
8
Let w be (756/56)/(2/12). Suppose v + 1 + 4 = 0, -m - 5*v + w = 0. What is the tens digit of m?
0
Suppose -2*a = 9 - 1, 0 = -3*n + a + 2086. Suppose -5*l - 784 = -3*j + 1305, 0 = j - 4*l - n. What is the hundreds digit of j?
6
Let j be -46*((-54)/(-12))/(-9)*-34. Let r = j - -1443. What is the hundreds digit of r?
6
Suppose 15*p + 39 - 204 = 0. What is the hundreds digit of ((-1044)/(-21))/(p/77)?
3
What is the hundreds digit of -2 + 6513 - (-75)/(-60)*-4?
5
Let q be (-2)/13 - 168/(-78). Suppose -4*p = -2*j - j + 12, 4*p + 12 = -q*j. Suppose 3*o + 5*t - 283 = j, -5*t = 2*o - o - 111. What is the units digit of o?
6
Let t be (-1 - -2) + -10 + 16. Let z(p) = 2*p**3 - 8*p**2 + 29*p + 10. What is the hundreds digit of z(t)?
5
Suppose 277*g - 912847 = -282*g. What is the tens digit of g?
3
Suppose -2*u = -d - 25845, 5*d + 56135 = 3*u + 17371. What is the units digit of u?
3
Let v = 63 + -65. Let p be ((v - -4) + -7)*40/25. What is the hundreds digit of p/10 - 814/(-5)?
1
Suppose -1990443 = -53*r + 81*r - 67*r. What is the thousands digit of r?
1
Let f = -51 + 62. Let z(x) = -4*x - 10 - 4*x + 50*x**2 - 4*x**3 - 38*x**2 + 3*x**3. What is the tens digit of z(f)?
2
Let h(p) = -p**3 - 6*p**2 + 2. Let t be h(-6). Suppose -q + 4*k + 242 = -0*q, -5*q + 1122 = t*k. Let o = q - 113. What is the hundreds digit of o?
1
Suppose -2*f + 7 = r, -3*f + 2*r + 2*r + 38 = 0. Suppose v - 4*c + 12 = -2*v, f = 2*c. What is the tens digit of (v + (-1)/(-1))*64/2?
3
Let t be (-10)/(-35)*14 + -3. What is the hundreds digit of (343/14 + t/(-4))*24?
5
Let q(c) = 6526*c + 321. What is the ten thousands digit of q(4)?
2
Let p be 9/5 - (-3)/15. Suppose 657 - 99 = p*l. Suppose 11*g - l = 2*g. What is the tens digit of g?
3
Suppose -a + 542 = -274. Suppose -13*t + 15*t - a = 0. What is the hundreds digit of t?
4
Suppose 4*a = 9*f - 4*f - 28482, 0 = 2*a - 4. What is the hundreds digit of f?
6
Suppose 8*w - 24*w = -144. Suppose 7*o = w*o - 18. What is the units digit of o?
9
Let l(d) = 50*d**2 - 2*d - 1. Suppose 3*v = -3*i + i - 36, 12 = -v + 5*i. Let z = -13 - v. What is the tens digit of l(z)?
5
Suppose -3*h = 2*h - 7980. Suppose 2*i + h = -0*f + 5*f, 0 = 2*f + 3*i - 646. Suppose 13*j = 3*j + f. What is the tens digit of j?
3
Suppose 48*m - 53*m + 12884 = 3*l, -5*l = 2*m - 21429. What is the tens digit of l?
8
Let o(t) = -t**3 + 45*t**2 + 67*t - 79. Suppose 71*g + 184 = 75*g. What is the units digit of o(g)?
7
Suppose 1 = 4*o - 3, 3*l = -3*o - 6. Let y be -3 - (-3)/l - -18 - 3. Let h(p) = p**2 + 16. What is the units digit of h(y)?
7
Let k(u) = 2*u**3 + 43*u**2 - 22*u + 13. Let o be k(-22). Suppose 3*y = 74 + o. What is the units digit of y?
9
Suppose -46*c = 3*w - 49*c - 12951, -17268 = -4*w + 2*c. What is the tens digit of w?
1
Suppose -2*j + 3*j - 10 = -2*l, -4*j + 16 = 0. Suppose l*h - 4795 = -2*h. Suppose -10*s + 3*s + h = 0. What is the units digit of s?
7
Suppose 5*m = j - 5*j + 137, -5*j + 5*m = -205. Suppose 8*c = 282 + j. Suppose 165 = 5*b - c. What is the tens digit of b?
4
Suppose 3*q - 18 = -4*j, -5*q + 21 = 5*j - 4. Suppose 4*t + 8 = 0, -2*t + 5*t = j*v - 51. What is the tens digit of v?
1
Let n = -2481 + 3455. What is the tens digit of n?
7
Let g(v) be the third derivative of v**2 + 7/6*v**3 - 1/6*v**4 + 0 + 1/60*v**5 + 0*v + 1/15*v**6. What is the tens digit of g(3)?
2
Let c(g) = -2*g + 31. Suppose -d + 2 = -12. Let f be c(d). Suppose -z - f*u + 161 = z, -5*z + 409 = u. What is the tens digit of z?
8
Suppose 18*s - 23*s = -2*v - 44914, -4*s + 5*v + 35921 = 0. What is the thousands digit of s?
8
Let g = 11531 + -8773. What is the thousands digit of g?
2
Let l = -26 + 46. Let r = 22 - l. Suppose -3*y + 8 = r*o - 10, 5*y = o - 9. What is the units digit of o?
9
What is the ten thousands digit of (-5)/15 + (9 - 61814/(-6))?
1
Suppose 2*f = 0, -5*a - 1 = 3*f - 21. Suppose 15*d - 13*d + a*l - 812 = 0, -5*d = -5*l - 2030. What is the units digit of d?
6
Let b = -8435 + 31500. What is the tens digit of b?
6
Let f(a) = -a**3 - a**2 + 4*a - 16. Let z be f(-4). Suppose 2*j = 20*n - z*n - 3026, 2*n = -2*j + 1516. What is the units digit of n?
7
Suppose 1741*g - 1736*g - 26285 = 0. What is the units digit of g?
7
Let p(m) = 1862*m**2 - 39*m - 136. What is the tens digit of p(-3)?
3
What is the units digit of (347193/81)/(3/9*1)?
9
Let p be 2*6 + 7 + -14. Suppose -303 = -3*k - 3*s, p*s = 2*k - 6*k + 404. What is the units digit of k?
1
Suppose -3*t + 6 = -5*t. Let f(o) be the third derivative of -11*o**4/8 - o**3/3 - 38*o**2. What is the tens digit of f(t)?
9
Suppose 0 = 15*u + 1 - 31. Suppose 3*m = 24 - 9. Suppose -m*c + u*l + 867 = -0*c, 2*l + 2 = 0. What is the units digit of c?
3
Let o(x) = 3842*x**2 - 351*x + 703. What is the hundreds digit of o(2)?
3
Let h be -45*(48/(-9))/(-8). What is the units digit of 382*(-8)/h - (-2)/15?
2
Let p be 256/(-6)*(-324)/24. Let v = -461 + p. What is the hundreds digit of v?
1
Let y(v) = -v**2 - 7*v + 8. Let n be y(-7). Suppose 5*h - 2*l = 54, -32 = h + 2*l - 38. Let j = h + n. What is the tens digit of j?
1
Suppose 37 = -3*w - 3*o - 2*o, 5*w + 3*o + 51 = 0. Let p(l) = 4*l**2 + 20*l + 1. Let u be p(w). What is the hundreds digit of 5 + -4 + u + 4?
1
Suppose -5*o - 3*c + 22 = 0, -o + 6*o - 2*c - 2 = 0. What is the thousands digit of o/5 - 696384/(-465)?
1
Suppose 3*p + 9 = 3*j, -p + 2*j - 14 = -6. Suppose -3*y = -p*x + 3*x - 631, y - 1909 = -3*x. What is the units digit of x?
7
Suppose -v - 76773 = -3*s, -4*s - 33*v = -29*v - 102348. What is the tens digit of s?
9
Let u(v) = -146*v + 52. Let b(j) = -3*j + 1. Let d(f) = 2*b(f) + u(f). What is the tens digit of d(-9)?
2
Let f(d) = -d**3 + 22*d**2 + 12*d - 41. Let k = -78 + 80. Suppose -5*r + 19 = z + z, -32 = -z + k*r. What is the tens digit of f(z)?
2
Let o = 14229 + 19840. What is the ten thousands digit of o?
3
Suppose -2*a + 870 = -1392. Suppose -3*b = -5*l - a, 29*l - 25*l = 5*b - 1885. What is the hundreds digit of b?
3
Suppose -3*w - 11142 = -4*h, 0 = -2*h + 184*w - 183*w + 5568. What is the units digit of h?
1
Suppose -35*c + 2390922 = 24*c - 2*c. What is the tens digit of c?
4
Let h(f) = 5*f**2 - 48 - 34 + 27*f - 12*f. What is the tens digit of h(-14)?
8
Let z be 1 - (-3 + 2) - -1. Suppose -z*u + 12 = -0. Suppose -u*o = 5*n - 380, 2*o + n + 2*n = 190. What is the units digit of o?
5
What is the tens di